en i is divided by d?
13
Suppose -2*y = -0*y - 16. Let s(g) = g - 5. Let j be s(-8). Let x = -8 - j. Calculate the remainder when y is divided by x.
3
Let g(f) = -3*f**3 + 9*f**2 + 11*f - 15. Let q(b) = b**3 - 3*b**2 - 4*b + 5. Let d(x) = -4*g(x) - 11*q(x). Calculate the remainder when d(4) is divided by 6.
3
Let r = 24 + -5. Suppose 527 = 3*a + 191. Suppose 53 = 3*o - a. Calculate the remainder when o is divided by r.
17
Suppose -25 = -6*g + g. Suppose -3*c + 28 = -g. What is the remainder when c is divided by 4?
3
Suppose 12 = 4*k, 5*x = 4*k + 15 - 2. Calculate the remainder when 30 is divided by 8*(-1 + -2 + x).
14
Calculate the remainder when 4/(-3 + 236/76) is divided by 14.
10
Suppose 2*h - 2 = t - 9, -2*t - 5*h + 59 = 0. What is the remainder when t is divided by 6?
5
Let r = -30 - -51. Suppose 168 = 3*n + r. Calculate the remainder when n is divided by 25.
24
Suppose -8*r + 40 = -3*r. What is the remainder when 30 is divided by r?
6
Suppose 16 = -3*z + 5*i + 63, z = -3*i - 3. Let x be (-6)/z*-1*3. Calculate the remainder when (x/(-5))/((-3)/90) is divided by 7.
5
Suppose -2*h - 13 = -45. What is the remainder when 42 is divided by h?
10
Let n be 38 - -3*(0 - 1). Let a(v) = n - v + 0 - 7. What is the remainder when a(0) is divided by 15?
13
Let o(g) = -6*g - 4. Let j = 0 + 10. Let z be (-4)/12*(j + -1). Calculate the remainder when 26 is divided by o(z).
12
Suppose -4 = -d + 10. Let p be 25/10 + 1/2. Suppose 2*i - 74 = -3*y + 6*i, 0 = -4*y + p*i + 101. Calculate the remainder when y is divided by d.
12
Suppose 2*o = 2*m + 36, -o + 52 = 3*o + m. Suppose -4*s + 152 = -4*r, 155 = 4*s + r - 4*r. What is the remainder when s is divided by o?
13
Suppose 2*h - 5*h + 39 = -4*t, 2*t - 39 = -3*h. Calculate the remainder when 50 is divided by h.
11
Let q(o) = -5*o**2 + o. Let g be q(1). Let p be (0 + (-2)/g)*74. Let z = 54 - p. What is the remainder when 32 is divided by z?
15
Let n(i) = 2*i + 5. Let y be (-3)/(3/4) + 0. Let d be n(y). Let r(h) = -4*h + 2. Calculate the remainder when r(d) is divided by 8.
6
Suppose -2*b = -5 - 51. Suppose c - 6 = -i - 3*c, -2*i + 3*c + 23 = 0. Calculate the remainder when b is divided by i.
8
Let j = 17 + -6. What is the remainder when j is divided by 3?
2
Let a(o) = 5*o + 3. Let x be a(3). Let v = 4 - -1. Suppose -3*z + 5*c = -31, -3*z - x = -7*z - v*c. Calculate the remainder when z is divided by 4.
3
Let v(m) = -m**2 + 12*m - 12. Calculate the remainder when v(9) is divided by 4.
3
Let r(i) = 4*i**3 - 5*i**2 + 7*i + 4. What is the remainder when r(3) is divided by 7?
4
Suppose 3*i = -1 - 5. Calculate the remainder when ((-32)/(-3))/((-1)/(-6)) is divided by 24 - (5 + -1 + i).
20
Let k(y) = 2*y - 8. Let m be k(8). Suppose -l + m = -4. Calculate the remainder when (37 - (-3 - -3)) + -2 is divided by l.
11
Let i be 12/(-20) + 3/5. Suppose i = 2*h + h - 42. What is the remainder when h is divided by 8?
6
Let z(d) = -13*d**3 - 2*d**2 + 1. Let y be 3/(-6)*-4 - -1. Let m = 2 - y. What is the remainder when 22 is divided by z(m)?
10
Suppose -4*t = k - 46, 2*t + 194 + 0 = 3*k. Calculate the remainder when k is divided by 16.
14
Suppose -h - 6 = -3*h. What is the remainder when ((-282)/(-2))/h - -2 is divided by 13?
10
What is the remainder when 31 - ((-6)/(-2) - 1) is divided by (-1)/(2 + 0)*(4 - 36)?
13
Let a = 15 - 8. Suppose -5*b = -2*b - 12. Calculate the remainder when a is divided by b.
3
Suppose 0 = -0*h - 5*h + 20. Suppose -h*z - 714 = -242. Let q = z - -172. Calculate the remainder when q is divided by 14.
12
Suppose a + 17 = 61. Suppose 8 = 2*i + 2*z + 2*z, 0 = -5*i - 4*z + a. What is the remainder when i is divided by 5?
2
Let s = 14 + 20. Suppose t + 2*t - s = 2*l, 2*l - 30 = -5*t. What is the remainder when (-27)/(-2) + 1/2 is divided by t?
6
Let j(s) = -30*s**3 - s**2 - s. Let f(n) = -n + 30. What is the remainder when j(-1) is divided by f(14)?
14
Let s(o) = -o**2 + 14*o + 14. What is the remainder when s(11) is divided by 24?
23
Calculate the remainder when 116 is divided by 41 - (6 + 4/(-1)).
38
Let t(q) = 3*q**2 + 1. Suppose 5*o + d = 71, -3*o + 63 = 2*o + 3*d. Calculate the remainder when t(-3) is divided by o.
13
Suppose 32*r = 29*r + 24. What is the remainder when r is divided by 8?
0
Let l be (3 + -2)*3 + -43. Let r = l - -66. Calculate the remainder when r is divided by 9.
8
Suppose 2*b = 5*b. Calculate the remainder when 9 + b/(-2) - 1 is divided by 5.
3
Let v = -5 + 10. Calculate the remainder when (-16 - -9)*(-1 + 0) is divided by v.
2
Suppose -7 = 3*o - 22. What is the remainder when 32 is divided by o?
2
Let f = 23 - 19. Let w(q) = 2*q**2 - 2*q. Let y be w(6). Suppose 3*j - y - 13 = -4*a, 0 = a - 4*j - f. What is the remainder when 47 is divided by a?
15
Suppose -4 + 1 = -l. Suppose -4*w + 123 = l*j, -2*w - 42 = -3*w - 3*j. What is the remainder when w is divided by 7?
6
Suppose -2*x + 5*s + 6 = 2*s, -3*s = 3*x - 39. Let n be 2*x*(-2)/4. Let z(y) = -y + 3. Calculate the remainder when z(n) is divided by 7.
5
Let m = 1 + -1. Suppose -2*n + 4*f + 66 = 0, m = 3*n + 2*f - f - 106. Calculate the remainder when n is divided by 12.
11
Let k(q) = -11*q**2 + 14 + 6*q + 15*q**2 - 3*q**2. What is the remainder when k(-6) is divided by 4?
2
Let t = 4 - 6. Let v(z) = -2*z + 35. What is the remainder when v(0) is divided by (3/t)/((-4)/32)?
11
Let g(w) = -2*w + 5. Let h(b) = b - 3. Let v(u) = 5*g(u) + 8*h(u). Calculate the remainder when v(-2) is divided by (-3 - (-6 + 1)) + 0.
1
What is the remainder when 43*2 + -7 + 3 is divided by 28?
26
Suppose -3*f = -5*b + 20 + 7, -f + 5 = 3*b. Suppose 4*s + d = -20 + 50, 0 = -b*s - 2*d + 25. Calculate the remainder when 12 is divided by s.
5
Let x = 0 + 1. Suppose -a - 3*r + x = 0, 3*a - 29 = r + 4. Let b = -6 - -25. Calculate the remainder when b is divided by a.
9
Suppose -8*s + 98 = -886. Calculate the remainder when s is divided by 22.
13
Let o(v) = v**3 - 3*v**2 + 7*v - 1. Calculate the remainder when o(3) is divided by 7.
6
Let k = -1 - -3. Let i be (k - 0) + 0 + 0. What is the remainder when 35 is divided by 33/3 + 2/i?
11
Suppose -3*r - 3*y + 239 = -2*y, -5*r = 5*y - 395. What is the remainder when r is divided by 21?
17
Suppose -5*i - r + 40 = 0, -3*r + 0 = -15. Suppose 5*o - 97 = -i. What is the remainder when 53 is divided by o?
17
Let c be (-18)/30*(-6 + 1). Suppose 4*j = 5*y + 2, c*j = 5*y + 7*j - 22. Let s(f) = 8*f**2 + 2*f. What is the remainder when s(y) is divided by 19?
17
Suppose 0 = -v - 4 + 13. Suppose 3*c = v - 3. Calculate the remainder when 3 - 3 - (-1 - 2) is divided by c.
1
Let s(y) = -y**3 + 9*y**2 + 9*y - 11. What is the remainder when s(9) is divided by 24?
22
Suppose q = -3*q + i + 18, 2*q = -3*i + 16. Calculate the remainder when 8 is divided by q.
3
Suppose 0*d + 117 = 3*d. Let w(s) = -s - 4. Let k be w(-8). Suppose -k*u - 1 = -5*l - 81, 2*u = -5*l + 40. Calculate the remainder when d is divided by u.
19
Let c = -229 - -122. Let n = c + 160. Calculate the remainder when n is divided by 14.
11
Suppose -75 = 4*w - 231. What is the remainder when w is divided by (-48)/(-5) + (-4)/(-10)?
9
Calculate the remainder when 14 is divided by (-5)/((0 - 4) + 3).
4
Suppose 4*m - 6 - 52 = -2*j, 5*j = -m + 154. Calculate the remainder when j is divided by 8.
7
Let s(i) = -i**2 + 7*i - 6. Suppose -2*w + 2 = -8. Suppose -4*k - 2*o + 42 = 0, -5*o + 12 = w*k - 38. What is the remainder when k is divided by s(4)?
5
Let s(j) = -j - 3. What is the remainder when ((-4)/14)/((-7)/98) is divided by s(-5)?
0
Suppose -20 = 4*b, z - 2*z = -b - 17. What is the remainder when 82 is divided by z?
10
Suppose 3*p + 23 = w, 0 = -3*p - 3 - 3. Suppose -45 = -5*n - 0*n. Calculate the remainder when w is divided by n.
8
Suppose 0 = 5*g - t - 218, 8 + 7 = -5*t. Calculate the remainder when g is divided by 15.
13
Let t = 12 + -7. Suppose t*c - 48 = 52. What is the remainder when 37 is divided by c?
17
Let k(q) = -5*q - 2. Let i be k(-2). What is the remainder when 31 + -1 + (4 - -1) is divided by (i/3)/(4/18)?
11
Suppose -4*m + 5*h = -56, 3*m + 3*h = 44 + 25. What is the remainder when 74 is divided by m?
17
Let f(p) = -2*p**3 - 3*p**2 + p + 10. Calculate the remainder when f(-3) is divided by 19.
15
Let c be (2/(-4))/((-3)/(-6)). Suppose 2*d = -d + 6, 3*p - 3*d - 81 